 147?
7
Suppose 5*a + 4 - 14 = 0. Suppose -2*m = -3*m. Suppose m = a*b - 2*y - 144, -4*y = -3*b - 2*b + 358. Calculate the highest common divisor of 28 and b.
14
Let i = 2088 + -359. What is the highest common factor of i and 13?
13
Let t be (0 - -12)*(-1 - 0). Let w = t - -22. Let n be 32/80 - (-2 + (-4)/(-10)). Calculate the greatest common divisor of w and n.
2
Let q(s) = -s**2 - 8*s + 92. Let k be q(6). What is the highest common factor of 56 and k?
8
Let o(l) = -34*l + 1. Let z(s) = -51*s + 2. Let a(h) = -8*o(h) + 5*z(h). Let j be a(2). What is the greatest common factor of 4 and j?
4
Let t = 1 + 4. Suppose c = t*c - 240. Suppose 8*u = 5*b + 7*u - 455, -2*u = b - 80. What is the highest common factor of c and b?
30
Suppose -5*k + 2*p + 3673 = 0, -5*p = -2*k - 4*p + 1469. What is the greatest common divisor of 30 and k?
15
Let h = 653 - 637. What is the greatest common factor of 96 and h?
16
Let j be (8/(-10))/((-132)/16830). Calculate the highest common divisor of j and 374.
34
Suppose -o = -0*o - 2. Let h = -280 + 288. What is the highest common divisor of o and h?
2
Suppose -17*b + 10750 = -7*b. Calculate the highest common divisor of b and 43.
43
Let h = 265 - 155. Let f be 1/(-1) - (-3 + -26). Suppose 0 = -4*m + f + 12. What is the greatest common divisor of m and h?
10
Let b be 8/(-4) - (8 - 18). What is the highest common factor of 40 and b?
8
Let l(p) = 227*p - 163. Let h be l(3). Calculate the highest common factor of 14 and h.
14
Suppose -4*f - 12 = -7*f. Suppose 0 = f*h - 3*o - 333, -2*o + 257 = 3*h + 3*o. What is the greatest common factor of 28 and h?
28
Let o(b) = -b**3 + 15*b**2 - 12*b + 16. Let j be o(14). Let w be (-5)/(63/66 - 1). Calculate the highest common factor of j and w.
22
Suppose -2*b + 3 = -21. Let a = b - 10. Calculate the greatest common factor of a and 16.
2
Let j(v) = -v**2 - 9*v + 13. Let m be j(-9). Suppose -3*w = 2*w - 260. Calculate the highest common divisor of w and m.
13
Let a be 0 + -3 + -9*(-3)/9. Suppose 0 = 3*m + 4*s - 3*s - 61, m - 3*s - 17 = a. What is the greatest common factor of 100 and m?
20
Suppose 0*b + b + 61 = 0. Let j = -52 - b. Calculate the greatest common divisor of j and 72.
9
Let s = 20 + 13. Suppose -s = 2*j - 135. What is the greatest common factor of j and 34?
17
Let n(r) = 10 + 17 - 13*r + 9*r. Let c be n(3). What is the highest common factor of 165 and c?
15
Suppose i = 3*j - 4*i - 15, 5*j + 3 = -i. Suppose -3*v + 11 + 19 = j. Calculate the highest common divisor of 5 and v.
5
Suppose -2*w = 25*w - 3348. What is the highest common factor of 341 and w?
31
Let q(n) = -n**3 - 28*n**2 - 3*n + 36. Let v be q(-31). What is the highest common factor of v and 12?
12
Let f be (6/27)/((-3)/(-27)). Suppose 0 = -f*y - z + 241, 0 = -2*z - 2 + 4. Calculate the highest common factor of y and 40.
40
Suppose 71 = 12*b + 23. Calculate the greatest common factor of b and 192.
4
Suppose 3*p - 112 - 124 = -5*h, 5*p = -4*h + 389. Calculate the highest common factor of 22 and p.
11
Let r(k) be the third derivative of k**4/3 + k**3 - k**2. Let i be ((-7)/3 + -2)/(42/(-126)). Let x be r(i). What is the greatest common factor of 22 and x?
22
Let q be (-3 - -1) + 10/(-1). Let a = -6 - q. Let k be (6/8)/((-11)/264*-6). Calculate the greatest common divisor of a and k.
3
Let g = 37 - 35. Suppose 218 = g*a - 5*i, 3*a + 0*i + 5*i - 352 = 0. Calculate the highest common factor of 38 and a.
38
Let i be 7379/7 + (8 - 570/70). Calculate the highest common divisor of i and 62.
62
Let l be 10/30*507 - (0 - -1). What is the greatest common divisor of 448 and l?
56
Suppose d - 11*z + 6*z = 11, -4*z = 5*d - 84. Let x = 18 + -13. Suppose -14 = -x*m + 6. What is the greatest common divisor of m and d?
4
Let p be (-204)/9*2/(8/(-6)). Suppose -2*z = 3*k - k - 20, 3*z - k - p = 0. What is the greatest common factor of 22 and z?
11
Let q be (2 - -1 - 10)*4/(-1). Suppose l = 5*s + 11 - q, 2*l - 2*s = -2. What is the highest common factor of l and 9?
3
Let z(u) = u**3 + 10*u**2 + 7*u - 3. Let s be z(-10). Let t = s - -3. Let x = -50 - t. Calculate the greatest common factor of x and 30.
10
Let k be (-7 + 2)*(-660)/15. What is the highest common factor of k and 308?
44
Suppose -5*c + 4*i = 10 - 118, -5*i + 63 = 2*c. Calculate the highest common divisor of c and 192.
24
Suppose 356 = -3*o + w + 1925, 5*w + 2625 = 5*o. Calculate the highest common factor of o and 116.
58
Let x = 959 - 677. Calculate the highest common divisor of x and 6.
6
Let y = 6 + -3. Suppose -2*k - 15 = -y*u + k, 4*u - 3*k = 18. Suppose 0 = u*i - 4*i + 14. Calculate the highest common factor of 2 and i.
2
Let m = 38 - -58. What is the highest common divisor of m and 40?
8
Suppose -5*v + g + 3*g = -70, 3*v - 64 = -2*g. Let s(u) = 2*u - 26. Let w be s(v). What is the highest common factor of 5 and w?
5
Let s(n) = -n + 13. Suppose -20 = -h - 3*h. Let o be s(h). Let z be 64/6*42/o. Calculate the greatest common factor of z and 7.
7
Let p be 90/(-4)*(-3 + 5). Suppose -m + 85 - 25 = 5*k, 3*k = -3. Let x = p + m. Calculate the greatest common factor of 40 and x.
20
Suppose 7*t - 7 = 42. Suppose 118 = t*f - 106. Suppose 0*w + 96 = 2*w. What is the highest common factor of w and f?
16
Let m be (16 - 12) + 26/1. Suppose c = -28 - 2. Let p = c + 50. Calculate the greatest common divisor of m and p.
10
Let x = -326 + 461. Calculate the highest common factor of x and 45.
45
Let z = 4 + 13. Suppose 0 = -5*b + 5, 4*q - b - z = 22. Let g be 84/q*15/6. Calculate the greatest common factor of 7 and g.
7
Let v(p) = p**3 - 21*p**2 + 43*p + 2. Let r be v(19). Calculate the greatest common factor of r and 1.
1
Suppose -21*g + 12*g + 468 = 0. Let z = g - 22. What is the greatest common factor of z and 20?
10
Suppose -3*q - 13 = -2*v, -1 + 4 = v - 5*q. Suppose -5*j - v*j + 910 = 0. Suppose -u + 2 = -12. What is the highest common divisor of u and j?
14
Let f be (-6)/(-4)*(-4)/6. Let u be 4/f*75/(-20). Let n = 442 + -322. What is the highest common factor of n and u?
15
Suppose -i + 19 + 98 = 0. Suppose 3*u = 2*p - i, -4*p + 3*u + 227 = -4. What is the greatest common divisor of 19 and p?
19
Let m = -433 - -623. Calculate the highest common divisor of m and 80.
10
Suppose 6*d - 124 - 32 = 0. What is the highest common factor of d and 195?
13
Let u be (108/(-15))/(0 - 4/40). Suppose -2*d = -10*d + u. What is the highest common factor of d and 9?
9
Let v be (-3 - 2) + 1 - -19. Suppose o - 2 = v. Calculate the greatest common factor of 136 and o.
17
Suppose -3*s - 164 = -8*s + 4*t, 4*t = 3*s - 100. Suppose 17*j + 5*n - 60 = 12*j, 4*j = 2*n + 48. Calculate the highest common factor of j and s.
4
Let f = -313 + 320. Calculate the highest common divisor of 2 and f.
1
Suppose 6*f - 2*f = 40. Suppose -3*v + 784 = 5*k + 240, 2*k - 5*v - 230 = 0. What is the greatest common divisor of f and k?
10
Let v(p) be the third derivative of 7*p**4/12 - 7*p**3/3 - 22*p**2. Let n be v(5). What is the greatest common factor of n and 8?
8
Suppose -20 = -u - 4*u. Let c(p) = -p**3 - 10*p**2 + 3. Let r be c(-10). Let q = r + 41. Calculate the greatest common divisor of u and q.
4
Let v(q) = -3*q - 8 - 3*q + 2 + 0. Let u be v(-8). Suppose -4*p + u = 6. What is the greatest common divisor of 27 and p?
9
Suppose 2*o - 21 - 23 = -q, 0 = -2*q - 5*o + 89. Let y be (1*-3 - -2) + -2. Let s = q + y. Calculate the highest common divisor of 13 and s.
13
Let t be 560/(-24)*(-27)/6. What is the highest common factor of 168 and t?
21
Let g = 7 - 4. Suppose -g*i - 2*s = -82, 0 = 4*s + 7 + 9. Suppose -4*l + 20 = -2*m + 122, 2*m + l - 87 = 0. What is the highest common divisor of m and i?
15
Suppose -6*b + 1 = -11. Let i(s) = -8*s + s**3 - 8*s - b*s + 4*s + 9 - 13*s**2. Let w be i(14). What is the greatest common factor of 72 and w?
9
Let p(s) = 120*s - 1. Let m(w) = w**3 - 7*w**2 + 7*w - 5. Let z be m(6). Let a be p(z). Suppose 5*i - 29 = 56. Calculate the greatest common factor of a and i.
17
Let s be (-7)/(63/30)*(-666)/15. Calculate the greatest common divisor of 4 and s.
4
Let f(k) = 6*k + 0 + 2 + k**2 + 2*k**2 + 0. Let g be f(-4). Let o(u) = u**2 + 5*u + 7. Let i be o(-6). What is the highest common divisor of g and i?
13
Let p = 39 + -37. Suppose -p*v - 20 = 3*v, 5*i - 3*v - 1002 = 0. Suppose 5*o + 3*j - 14 = 